= p + z. Is s a composite number?
True
Suppose 0 = -3*j + 6*j - 12066. Suppose 4*z + 4018 = w - z, 0 = w - 4*z - j. Suppose 0*a + w = 2*a. Is a composite?
True
Suppose -15*x + 1083 = 7*x - 875. Is x prime?
True
Is 2/(-24) + -20783432*7/(-672) a composite number?
True
Let n(q) = 683*q**3 - 9*q**2 + 17*q - 20. Is n(3) composite?
True
Let w(a) = 10*a + 74. Let v be w(-7). Suppose -5501 = -3*h + 5*b, 0 = -v*h + b + 6734 + 612. Is h a prime number?
False
Is 337915/(-15)*-3 + -4 prime?
True
Let g(j) = -j**2 - 2*j + 38. Let k be g(-10). Let p = k + 39. Is p*-2*3/18*263 a prime number?
True
Suppose -4*a - 4219836 = -25*a + o, 803816 = 4*a + 4*o. Is a a composite number?
True
Let j = 45100 - 13631. Is j composite?
False
Suppose -2*q = -3*o - 298721, o - 597491 = 5*q - 9*q. Is q prime?
True
Is ((-235115)/15 - (-1 - 1))/((-73)/219) composite?
False
Suppose -3*f + 594 = -6*f. Let p = -691 - f. Is p*6/(-4)*(-4)/(-6) a composite number?
True
Let t(a) = -a**2 + 13*a - 28. Let o = 37 + -28. Let i be t(o). Suppose -i*w - 1838 = -10*w. Is w a composite number?
False
Suppose -2*d = -34821 + 2287. Suppose -5*y + 4*i + d = 0, -4*y + 13019 = -6*i + i. Is y composite?
False
Let c(k) = -64*k + 62. Suppose d - 11 = 5*n, 0 = 3*d - 2*n + 27 + 5. Is c(d) a composite number?
True
Suppose -13817311 = 314*o - 51022229. Is o a prime number?
False
Suppose 5*t = l - 11, -2*l = -t - 10 - 3. Let w be 35/l - (-6)/36. Suppose 0 = -z + w. Is z a composite number?
True
Suppose -34607 = i + 2*k - 340594, 4*i = -k + 1223955. Is i a prime number?
False
Let o(i) = 60192*i**2 - 6*i + 11. Is o(-1) prime?
True
Let b(v) = 412*v**2 + 124*v - 902. Is b(8) a prime number?
False
Suppose -5*g + 5*w + 6280 = 0, 5*g - 3*w = w + 6285. Suppose 4*x - a - 6 + 2 = 0, 0 = 3*a - 12. Suppose -423 = -d - j, -5*d = -x*d + j - g. Is d a prime number?
True
Is (12 - -21079) + (1 + 7)/(-1) a composite number?
True
Let p = -19053 + 45732. Suppose 5*h - p = -4574. Suppose -3*d = 4*z - h, 2*z - 4*d + 3321 = 5*z. Is z a prime number?
True
Let t = -535 + 565. Is 191/((-10)/t - (-4)/3) composite?
False
Suppose f - u - 45475 = 0, -4*f = 2*u - 43839 - 138097. Is f a prime number?
True
Suppose 10 = -4*x + 2*x. Let f(u) = 466*u**2 - 5*u - 4. Let a be f(x). Suppose 0 = -10*p - p + a. Is p prime?
True
Let c(p) = -8*p + 10. Let j = -27 - -46. Let v be c(j). Let m = -45 - v. Is m prime?
True
Suppose c + k + 4337 = 6*c, -c + 871 = k. Suppose 4*u + 5*y = -1579, 4*u + 2030 = -u + 5*y. Let o = c + u. Is o composite?
False
Is 115/299*13 - (-324533 + (-1 - -2)) composite?
True
Let i(v) = -5435*v**3 - 6*v**2 - 44*v - 87. Is i(-2) composite?
False
Let z(d) be the second derivative of -d**5/20 + 7*d**3/3 + 6*d**2 - 64*d. Let j be (3/(9/(-15)))/1. Is z(j) prime?
True
Let i = -5 + 28. Let n = i + -15. Let p(w) = -2*w**2 + 20*w - 9. Is p(n) a prime number?
True
Let p = 20 + -16. Suppose p = 2*v - 2*r + 8, -3*r = -2*v - 8. Suppose -v*n - 8*n = -1850. Is n composite?
True
Let w(u) = 404*u - 85. Let q be (9/(-6))/((-15)/70) + 2. Is w(q) a composite number?
True
Suppose 67756 = -280*k + 284*k. Let a = k - 10866. Is a prime?
True
Let v = 35375 + 40608. Is v a composite number?
False
Let v(p) be the third derivative of p**6/120 + 2*p**5/15 - p**4/8 - p**3/3 + p**2. Let d be v(-8). Suppose g - 5*x = 21, 5*g + 2*x - 29 = d. Is g prime?
True
Suppose x - 2 = 1. Suppose 0 = 2*q + x*o - 466, -2*q - o = 4*o - 458. Let j = q + 1278. Is j composite?
True
Is (280/(-32) - -8)*(139646/(-3) - 2) prime?
True
Suppose -43366 = -a - 3*o - 5270, -3*a = o - 114328. Is a a composite number?
True
Let k(h) = 3821*h**2 + 520*h - 10. Is k(-5) a prime number?
False
Suppose 5*f = -3*m + 11932, 296*f = 4*m + 301*f - 15911. Is m prime?
False
Suppose 0 = -b - s + 1, 12*b + s - 9 = 7*b. Suppose 5520 = 4*c + 4*k - b*k, 5518 = 4*c + k. Is c composite?
True
Suppose 2*n + v + 7 = 6*n, -2*n + 4*v - 14 = 0. Let r be (n - 7)/24 - (-44834)/12. Suppose -124 = 4*f - 4*t - r, 0 = -t + 4. Is f composite?
False
Suppose -8 = 3*b + b, -p - 2*b = -48565. Is p prime?
False
Suppose -5*h - 5*v + 19 = -9*v, -v = -h + 4. Suppose -9*s - 4411 = -h*b - 13*s, 0 = -3*b - 3*s + 4416. Is b a prime number?
False
Suppose 2*g + 3*y = 6468, 7*y = -g + 2*y + 3234. Suppose 2*q - 5*f + g = 0, -7539 - 581 = 5*q + 5*f. Let u = -1105 - q. Is u composite?
True
Let u(t) = t + 5. Let j be u(-3). Suppose -h - h = -j. Is (0 + h)*5715/15 composite?
True
Let l(v) = 129*v - 520. Is l(37) a prime number?
True
Let m be (-6)/(-21) - (-192)/14. Suppose -g + m = z + z, -4*g + 5*z = -95. Is 778 - (4 - g/5) a prime number?
False
Suppose 5*o = z + 795644 + 1134384, -o + 2*z + 386011 = 0. Is o prime?
False
Suppose 41*q - 42960 = 17*q. Let s = -853 + q. Is s composite?
False
Let b be (-20)/6*(-12)/8. Suppose 0 = -b*k + 6*k - 2. Is 157*(3 + (3 - k - 3)) prime?
True
Suppose -11*y - 4376 = -13*y. Suppose -2*m + j + 1358 = 0, 0 = -3*m - 3*j - 169 + y. Let s = m + -375. Is s a composite number?
True
Let x(y) = 132*y**3 + y**2 + 2*y + 1. Let g be x(-1). Let k = 32 - g. Let o = -37 + k. Is o a composite number?
False
Let k(o) = -340*o - 18. Let q(g) = g + 25. Let b be q(-27). Is k(b) a composite number?
True
Suppose 7*k = -10*u + 5*u + 91477, -k = -2*u + 36606. Is u a composite number?
False
Let w(i) = -3*i**3 + 29*i**2 - 3*i - 28. Let s(t) = -4*t**3 + 30*t**2 - 3*t - 29. Let o(f) = -2*s(f) + 3*w(f). Is o(21) a composite number?
False
Let k(u) = 1288*u - 9. Let s be k(1). Let a = s - -2295. Let f = a - 2537. Is f a prime number?
False
Let i(q) = 3*q - 4. Let j be i(-8). Is (j - -27)/(-2*1/8654) a prime number?
True
Let y be (-3 - (1 + 1))*6669/(-45). Suppose n = y + 602. Is n a composite number?
True
Let q = 79656 + -27907. Is q composite?
False
Let i(n) = 2*n**3 + 14*n**2 - n - 3. Let k be i(-7). Is 8746/k*(-8 + 15 + -5) composite?
False
Suppose 4518731 = 5*q - o, -5*q - 1314*o + 4518719 = -1313*o. Is q a prime number?
False
Let j = 83 + -83. Suppose f = -5*x + 58 + 36, j = 3*f - x - 234. Is f prime?
True
Suppose 49*b + 39117 = 52*b. Suppose -o + 4353 = -2*h, -3*o + 20*h + b = 24*h. Is o a prime number?
True
Let w be (-66)/(-2) - (-5 + 2). Suppose 2*s = 6 - w. Is (-14)/2*(s + 4) a composite number?
True
Is (14/(-21))/(((-12)/45)/(119668/10)) a composite number?
False
Let v be (6/4 - 2)*(-72)/9. Let w(p) = 569*p**2 + p + 1. Is w(v) prime?
True
Suppose 4*h - 1133 = 11479. Let i = 118 + h. Is i a composite number?
False
Suppose -4*q = -3*h + 170, 2*h = h + 2*q + 58. Suppose -5*r + h = -56. Is (-45145)/(-45) - (-1 - r/(-18)) prime?
False
Suppose -5381 = 2*v - 81591. Is v a composite number?
True
Let x(c) = 245*c - 12. Let r be 2/8 - 9/(-12). Let m be 10/(-25)*(r + 4) - -7. Is x(m) a prime number?
True
Let b(z) = 8*z - 6. Let t be b(1). Is (t - 1)/(-1) - (-3653 - -5) a prime number?
False
Let t be -1*(-5)/5*-11. Let l(r) = r**3 + 11*r**2 - 12*r - 9. Is l(t) prime?
False
Suppose -10*y - 3*y = -52. Suppose p = -3*n - 2443 - 4724, 0 = -y*n - 4*p - 9564. Is n/(-12)*(1 + 0) a composite number?
False
Let v = 14667 + -44574. Let q = -15496 - v. Is q a prime number?
True
Suppose -117*w = -111*w - 4398. Let v = w - -2604. Is v composite?
True
Let u(j) = -j**2 - 2*j + 23. Let q be u(-6). Let d be -4 - -12 - q - 4. Suppose -5*b - m = -2856, -4*m + 2857 = d*b - 2*m. Is b prime?
True
Let a(b) = -11*b**3 + 24*b**2 + 25*b + 12. Let k be a(-13). Let t = k - 18503. Is t a prime number?
False
Let f(h) = 104*h**2 - 926*h - 35. Is f(-67) composite?
False
Suppose 0 = -3*q - 2*f - 9, -3*q + 10*f - 9*f = 9. Is ((60 - -2) + q)/((-1)/(-37)) prime?
False
Suppose 7*k - 10284 = 7741. Let m = k + -54. Is m a prime number?
True
Let u(h) = -50*h**3 + 22*h**2 - 62*h - 147. Let y(q) = 17*q**3 - 7*q**2 + 21*q + 49. Let j(l) = 3*u(l) + 8*y(l). Is j(-8) a composite number?
True
Suppose 1061591 = 5*h + 662366 - 1035080. Is h a prime number?
False
Let g(t) = -152*t - 5 - 100*t - 10. Let u = -1987 + 1983. Is g(u) prime?
False
Let m(w) = -36285*w - 154. Let c be m(-5). Is (c/34)/(1/2) prime?
True
Suppose 6342407 + 325610 = 113*r. Is r composite?
False
Suppose 11*l - 26*l + 938565 = 30*l. Is l a prime number?
True
Let u be (2/(-3))/(((-208)/168)/13). Suppose -u*p + 6455 = -1028. Is p a prime number?
True
Let k(d) be the third derivative of d**6/120 - d**4/24 + 167*d**3/6 -